e l(0).
5
Let i(r) = -78*r**2 + 215*r + 53. Calculate i(3).
-4
Let j(b) = b**3 - 49*b**2 - 92*b - 495. What is j(51)?
15
Let f(s) = 467*s - 2311. Determine f(5).
24
Let j(w) = 33*w + 110. Give j(-5).
-55
Let o(m) = m**2 + 498*m - 3498. Give o(7).
37
Let k(b) = 62*b + 590. Give k(-9).
32
Let y(i) = 4*i**2 - 13*i + 124. Calculate y(6).
190
Let a(k) = 52*k + 156. Give a(-5).
-104
Let n(r) = -5*r**3 + 5*r**2 - 7*r - 9. Give n(-1).
8
Let o(h) = -2*h**2 - 8*h + 37. What is o(-14)?
-243
Let i(d) = -5*d**3 - 10*d**2 + 8*d + 7. Give i(-2).
-9
Let o(s) = 2479*s + 29738. What is o(-12)?
-10
Let s(g) = -g**3 - 26*g**2 + 8*g - 166. What is s(-27)?
347
Let f(o) = -33*o - 240. What is f(-5)?
-75
Let b(f) = -2*f**3 - 69*f**2 + 192*f + 197. Give b(-37).
-62
Let g(f) = 530*f + 3745. Determine g(-7).
35
Let k(s) = -s**3 - 24*s**2 + 525*s - 563. Determine k(13).
9
Let l(s) = 14*s - 57. What is l(4)?
-1
Let z(g) = -10*g + 263. Determine z(26).
3
Let d(i) = i**2 + 9*i + 4. Determine d(-8).
-4
Let c(n) = -37*n - 294. Calculate c(-7).
-35
Let j(r) = -r**3 - 19*r**2 - 32*r + 59. Give j(-17).
25
Let w(j) = j**3 - 5*j**2 + 22*j - 12. Give w(4).
60
Let i(t) = t**3 - 2*t**2 - 41*t - 77. Determine i(-2).
-11
Let g(c) = 690*c - 660. What is g(1)?
30
Let u(t) = -394*t - 1543. Determine u(-4).
33
Let v(g) = -2*g**3 - 16*g**2 - 3*g - 14. Calculate v(-8).
10
Let r(s) = -2*s**2 - 187*s + 2849. Calculate r(13).
80
Let z(i) = -2*i**3 - 27*i**2 - 11*i - 1. Calculate z(-13).
-27
Let l(j) = j**3 + 4*j**2 + 2*j + 45. Calculate l(-7).
-116
Let d(z) = 115*z + 10959. Determine d(-96).
-81
Let o(u) = 39*u**2 - 96*u - 95. Calculate o(-1).
40
Let n(x) = x**3 + 24*x**2 - 52*x + 4. Determine n(-26).
4
Let i(a) = 752*a - 8281. Calculate i(11).
-9
Let a(f) = -96*f - 9508. What is a(-99)?
-4
Let k(m) = 15469*m + 170160. Give k(-11).
1
Let g(o) = o**3 - 2*o**2 + 25*o + 182. Determine g(-4).
-14
Let k(a) = -a**2 - 236*a - 2919. Determine k(-13).
-20
Let x(y) = -y**2 - 182*y - 5798. Give x(-41).
-17
Let i(g) = -140*g + 940. Calculate i(8).
-180
Let o(h) = h**3 - 26*h**2 - 54*h - 55. Give o(28).
1
Let u(r) = -575*r - 1144. Determine u(-2).
6
Let h(n) = -85*n + 120. Determine h(7).
-475
Let t(h) = -2*h**2 + 6*h + 547. What is t(24)?
-461
Let s(z) = -z**2 - 20*z + 229. Calculate s(-34).
-247
Let i(y) = -2*y**3 + 15*y**2 - 31*y + 18. Give i(5).
-12
Let k(a) = -a**2 - 47*a + 201. Give k(4).
-3
Let o(f) = f**3 - 45*f**2 + 2*f - 99. What is o(45)?
-9
Let i(g) = 35*g + 236. What is i(-9)?
-79
Let v(k) = -6*k**2 + 27*k + 74. Give v(-3).
-61
Let t(v) = v**3 - 44*v**2 + 40*v + 3395. Give t(41).
-8
Let c(y) = -y**2 - 54*y + 42. Determine c(-37).
671
Let i(h) = -h**3 + 72*h**2 - 307*h + 24. What is i(5)?
164
Let x(v) = 3*v - 52. Determine x(54).
110
Let j(k) = -2*k**2 - 136*k - 551. Determine j(-4).
-39
Let m(l) = 37*l**3 - 3*l**2 + 7*l - 4. Give m(1).
37
Let m(x) = x**2 - 47*x + 66. Calculate m(18).
-456
Let i(w) = 25*w**2 + 144*w - 16. Calculate i(-6).
20
Let p(f) = 328*f - 24607. What is p(75)?
-7
Let t(k) = 11*k**2 + 160*k + 567. What is t(-6)?
3
Let o(k) = k**2 - 43*k + 470. What is o(23)?
10
Let y(b) = -20*b - 39. What is y(-8)?
121
Let f(h) = 8368*h - 33471. Calculate f(4).
1
Let s(f) = 3*f**3 + 6*f**2 - 8*f - 11. What is s(3)?
100
Let v(c) = 81*c - 2922. Give v(36).
-6
Let y(q) = q**3 - 26*q**2 - 28*q + 16. Determine y(27).
-11
Let x(g) = -g**3 - 39*g**2 - 108*g - 1252. Give x(-37).
6
Let p(r) = 6*r - 22. Determine p(17).
80
Let g(t) = -2581*t - 18077. Determine g(-7).
-10
Let o(i) = 668*i - 60791. What is o(91)?
-3
Let a(h) = -2*h**3 + 147*h**2 + 74*h + 234. Give a(74).
234
Let q(r) = 42*r - 2348. Calculate q(56).
4
Let r(f) = 64*f - 407. Calculate r(9).
169
Let b(g) = g**2 - 22*g + 101. Give b(19).
44
Let x(y) = -y**3 - 12*y**2 - 35*y - 13. What is x(-6)?
-19
Let w(c) = -4969*c - 54653. Determine w(-11).
6
Let g(c) = 7*c**2 - 53*c + 19. Give g(7).
-9
Let i(r) = 64*r - 1468. Calculate i(23).
4
Let w(t) = 1320*t - 81842. Determine w(62).
-2
Let q(m) = -m**2 + 534*m + 10493. Determine q(-19).
-14
Let a(t) = -37*t + 646. What is a(17)?
17
Let i(q) = -q**2 + 24*q + 70. Give i(25).
45
Let s(k) = 176*k + 3174. Give s(-18).
6
Let w(q) = -132*q + 5951. What is w(45)?
11
Let m(w) = 64*w - 1777. What is m(28)?
15
Let b(j) = 4*j**2 + 191*j + 1067. Give b(-41).
-40
Let k(v) = -v**3 - 7*v**2 + 232*v + 53. Give k(13).
-311
Let i(y) = -y**2 + 3199*y + 16018. Calculate i(-5).
-2
Let s(u) = 2*u**3 - 17*u**2 - 92*u + 801. What is s(8)?
1
Let c(z) = -2*z**2 + 29*z + 24. Determine c(16).
-24
Let l(j) = -j**3 - 53*j**2 - 100*j + 71. Give l(-51).
-31
Let p(k) = -1137*k - 7970. Give p(-7).
-11
Let i(t) = -90*t - 2253. Give i(-25).
-3
Let j(k) = 1158*k + 6060. Determine j(-5).
270
Let j(a) = -108*a - 2959. What is j(-27)?
-43
Let s(r) = 2*r**2 + 98*r - 210. Determine s(2).
-6
Let y(a) = -70*a + 2773. Calculate y(39).
43
Let z(a) = 34*a + 52. Calculate z(2).
120
Let a(v) = -6*v**3 - 33*v**2 - 9*v. Calculate a(-5).
-30
Let d(u) = -u**2 + 42*u + 717. What is d(55)?
2
Let x(m) = 51*m**2 - 304*m - 3. What is x(6)?
9
Let m(x) = 118*x + 909. Determine m(-14).
-743
Let f(j) = -j**2 + 45*j + 418. Determine f(53).
-6
Let q(t) = -50*t - 1947. Give q(-39).
3
Let n(j) = -j**3 + 116*j**2 - 226*j - 263. What is n(114)?
-35
Let t(j) = 4*j**2 + 70*j + 12. Determine t(-17).
-22
Let b(j) = 74*j + 2489. Determine b(-33).
47
Let b(h) = h**2 - 43*h - 932. Give b(59).
12
Let k(a) = -a**2 - 12*a + 5. What is k(-13)?
-8
Let w(y) = 59*y**2 + 165*y - 282. What is w(-4)?
2
Let s(z) = -360*z + 4310. What is s(12)?
-10
Let i(g) = 9*g**2 + 17*g - 34. Calculate i(-7).
288
Let h(y) = -64*y + 685. Calculate h(7).
237
Let j(o) = -o**3 - 14*o**2 + 106*o + 32. Determine j(5).
87
Let b(x) = x**2 + 62*x - 267. Calculate b(4).
-3
Let q(o) = o**3 + 26*o**2 + 13*o - 137. Determine q(-25).
163
Let q(g) = 2*g**3 + 27*g**2 + 64*g - 4. Determine q(-11).
-103
Let r(y) = y**3 + 21*y**2 - y - 97. Calculate r(-21).
-76
Let j(y) = 6345*y**2 - 69796*y + 5. Give j(11).
-6
Let n(c) = -33*c - 186. What is n(-15)?
309
Let h(s) = -21*s**2 - 2095*s - 2096. Give h(-1).
-22
Let b(l) = -6*l**3 + 3*l**2 + 29. Calculate b(3).
-106
Let r(s) = s**3 + s**2 - 4*s - 44. Give r(0).
-44
Let x(a) = -6*a - 219. Calculate x(-46).
57
Let d(h) = -16*h - 354. Calculate d(-25).
46
Let d(b) = b**3 - 38*b**2 - 120*b - 121. Calculate d(41).
2
Let b(p) = 2*p**2 - 7*p + 141. Give b(10).
271
Let b(k) = 21*k - 738. Determine b(36).
18
Let z(s) = -525*s + 21526. Give z(41).
1
Let w(c) = 161*c + 591. Calculate w(-4).
-53
Let c(a) = -a**3 - 36*a**2 - 71*a + 188. Give c(-33).
-736
Let w(v) = 3*v**2 - 15*v - 115. Give w(7).
-73
Let p(l) = -79*l + 27. Determine p(-1).
106
Let c(n) = 61*n**2 - 60*n + 2. What is c(1)?
3
Let k(g) = g**3 + 25*g**2 - 6*g - 136. What is k(-25)?
14
Let d(a) = -236*a**2 + 1653*a - 6. What is d(7)?
1
Let n(w) = -w**2 + 52*w - 541. What is n(15)?
14
Let x(v) = v**3 - 15*v**2 - 3*v + 447. What is x(11)?
-70
Let h(i) = -242*i - 1936. Determine h(-8).
0
Let n(z) = z**2 + 3*z - 326. Determine n(17).
14
Let m(h) = -2*h + 119. Calculate m(16).
87
Let r(i) = -i**3 + 40*i**2 - 385*i - 1. What is r(24)?
-25
Let y(j) = j**2 + 68*j + 783. Determine y(-14).
27
Let m(l) = 28*l - 701. Give m(25).
-1
Let p(n) = 5*n**2 + 126*n + 789. Give p(-15).
24
Let q(f) = -15*f**2 + 1319*f + 83. What is q(88)?
-5
Let b(o) = 1558*o + 7758. What is b(-5)?
-32
Let d(j) = -519*j - 23915. Give d(-46).
-41
Let g(h) = h**3 - 86*h**2 + 326*h + 247. What is g(82)?
83
Let p(v) = -15*v + 18. Determine p(8).
-102
Let f(t) = 599*t - 3588. Give f(6).
6
Let k(l) = 9*l**2 + 213*l - 78. Determine k(-25).
222
Let i(j) = -492*j + 4479. Give i(9).
51
Let q(l) = -9*l - 113. Give q(-20).
67
Let c(u) = 278*u**3 + 17*u - 17. Give c(1).
278
Let t(m) = -146*m - 8612. Give t(-59).
2
Let k(n) = 54*n + 527. Determine k(-10).
-13
Let g(t) = -t**3 - 36*t**2 - 234*t + 253. Determine g(-27).
10
Let m(d) = 2*d - 128. Give m(61).
-6
Let c(f) = -2*f**3 - 15*f**2 + 41*f + 334. What is c(-8)?
70
Let s(g) = 126*g + 1384. What is s(-11)?
-2
Let d(a) = -3*a**2 + 397*a - 4654. What is d(13)?
0
Let r(a) = -42*a + 20. Determine r(1).
-22
Let y(l) = l**2 - 185*l - 10342. Give y(-45).
8
Let j(s) = -s**3 + 6*s**2 - 91*s + 670. What is j(7)?
-16
Let q(h) = h**